{"version":"1.0","provider_name":"Repaircafe VG Nieder-Olm","provider_url":"https:\/\/repaircafe-vg-nieder-olm.de","title":"Repair Caf\u00e9 Bilder aus 2019 - Repaircafe VG Nieder-Olm","type":"rich","width":600,"height":338,"html":"<blockquote class=\"wp-embedded-content\" data-secret=\"FEs4UjR8NK\"><a href=\"https:\/\/repaircafe-vg-nieder-olm.de\/index.php\/portfolio-items\/aktuell\/\">Repair Caf\u00e9 Bilder aus 2019<\/a><\/blockquote><iframe sandbox=\"allow-scripts\" security=\"restricted\" src=\"https:\/\/repaircafe-vg-nieder-olm.de\/index.php\/portfolio-items\/aktuell\/embed\/#?secret=FEs4UjR8NK\" width=\"600\" height=\"338\" title=\"&#8222;Repair Caf\u00e9 Bilder aus 2019&#8220; &#8211; Repaircafe VG Nieder-Olm\" data-secret=\"FEs4UjR8NK\" frameborder=\"0\" marginwidth=\"0\" marginheight=\"0\" scrolling=\"no\" class=\"wp-embedded-content\"><\/iframe><script type=\"text\/javascript\">\n\/* <![CDATA[ *\/\n\/*! This file is auto-generated *\/\n!function(d,l){\"use strict\";l.querySelector&&d.addEventListener&&\"undefined\"!=typeof URL&&(d.wp=d.wp||{},d.wp.receiveEmbedMessage||(d.wp.receiveEmbedMessage=function(e){var t=e.data;if((t||t.secret||t.message||t.value)&&!\/[^a-zA-Z0-9]\/.test(t.secret)){for(var s,r,n,a=l.querySelectorAll('iframe[data-secret=\"'+t.secret+'\"]'),o=l.querySelectorAll('blockquote[data-secret=\"'+t.secret+'\"]'),c=new RegExp(\"^https?:$\",\"i\"),i=0;i<o.length;i++)o[i].style.display=\"none\";for(i=0;i<a.length;i++)s=a[i],e.source===s.contentWindow&&(s.removeAttribute(\"style\"),\"height\"===t.message?(1e3<(r=parseInt(t.value,10))?r=1e3:~~r<200&&(r=200),s.height=r):\"link\"===t.message&&(r=new URL(s.getAttribute(\"src\")),n=new URL(t.value),c.test(n.protocol))&&n.host===r.host&&l.activeElement===s&&(d.top.location.href=t.value))}},d.addEventListener(\"message\",d.wp.receiveEmbedMessage,!1),l.addEventListener(\"DOMContentLoaded\",function(){for(var e,t,s=l.querySelectorAll(\"iframe.wp-embedded-content\"),r=0;r<s.length;r++)(t=(e=s[r]).getAttribute(\"data-secret\"))||(t=Math.random().toString(36).substring(2,12),e.src+=\"#?secret=\"+t,e.setAttribute(\"data-secret\",t)),e.contentWindow.postMessage({message:\"ready\",secret:t},\"*\")},!1)))}(window,document);\n\/\/# sourceURL=https:\/\/repaircafe-vg-nieder-olm.de\/wp-includes\/js\/wp-embed.min.js\n\/* ]]> *\/\n<\/script>\n","thumbnail_url":"https:\/\/repaircafe-vg-nieder-olm.de\/wp-content\/uploads\/2019\/09\/2019-01-12-11.14.20-e1569790078957.jpg","thumbnail_width":500,"thumbnail_height":555,"description":"Wer sind wirDas Repair Cafe der Verbandsgemeinde Nieder-Olm ist eine Initiative des Seniorenbeirats, die sich f\u00fcr mehr Nachhaltigkeit, Ressourcen\u00adschonung und ein besseres soziales Mit\u00adeinander stark macht. Sie wird dabei von engagierten Menschen unterst\u00fctzt. Machen auch Sie mit!Was wird repariert?Egal ob Fahrr\u00e4der, Textilien, M\u00f6bel, Spielzeug, Haushaltswaren, Computer, Handys, elektrische Ger\u00e4te ....Bei uns finden Sie vielseitigen Rat. Unsere Experten helfen Ihnen gerne. Wartezeiten werden bei einer Tasse Kaffee und Kuchen \u00fcberbr\u00fcckt."}

Repair Café Bilder aus 2019 - Repaircafe VG Nieder-Olm

<blockquote class="wp-embedded-content" data-secret="FEs4UjR8NK"><a href="https://repaircafe-vg-nieder-olm.de/index.php/portfolio-items/aktuell/">Repair Café Bilder aus 2019</a></blockquote><iframe sandbox="allow-scripts" security="restricted" src="https://repaircafe-vg-nieder-olm.de/index.php/portfolio-items/aktuell/embed/#?secret=FEs4UjR8NK" width="600" height="338" title="&#8222;Repair Café Bilder aus 2019&#8220; &#8211; Repaircafe VG Nieder-Olm" data-secret="FEs4UjR8NK" frameborder="0" marginwidth="0" marginheight="0" scrolling="no" class="wp-embedded-content"></iframe><script type="text/javascript">
/* <![CDATA[ */
/*! This file is auto-generated */
!function(d,l){"use strict";l.querySelector&&d.addEventListener&&"undefined"!=typeof URL&&(d.wp=d.wp||{},d.wp.receiveEmbedMessage||(d.wp.receiveEmbedMessage=function(e){var t=e.data;if((t||t.secret||t.message||t.value)&&!/[^a-zA-Z0-9]/.test(t.secret)){for(var s,r,n,a=l.querySelectorAll('iframe[data-secret="'+t.secret+'"]'),o=l.querySelectorAll('blockquote[data-secret="'+t.secret+'"]'),c=new RegExp("^https?:$","i"),i=0;i<o.length;i++)o[i].style.display="none";for(i=0;i<a.length;i++)s=a[i],e.source===s.contentWindow&&(s.removeAttribute("style"),"height"===t.message?(1e3<(r=parseInt(t.value,10))?r=1e3:~~r<200&&(r=200),s.height=r):"link"===t.message&&(r=new URL(s.getAttribute("src")),n=new URL(t.value),c.test(n.protocol))&&n.host===r.host&&l.activeElement===s&&(d.top.location.href=t.value))}},d.addEventListener("message",d.wp.receiveEmbedMessage,!1),l.addEventListener("DOMContentLoaded",function(){for(var e,t,s=l.querySelectorAll("iframe.wp-embedded-content"),r=0;r<s.length;r++)(t=(e=s[r]).getAttribute("data-secret"))||(t=Math.random().toString(36).substring(2,12),e.src+="#?secret="+t,e.setAttribute("data-secret",t)),e.contentWindow.postMessage({message:"ready",secret:t},"*")},!1)))}(window,document);
//# sourceURL=https://repaircafe-vg-nieder-olm.de/wp-includes/js/wp-embed.min.js
/* ]]> */
</script>

Wer sind wirDas Repair Cafe der Verbandsgemeinde Nieder-Olm ist eine Initiative des Seniorenbeirats, die sich für mehr Nachhaltigkeit, Ressourcen­schonung und ein besseres soziales Mit­einander stark macht. Sie wird dabei von engagierten Menschen unterstützt. Machen auch Sie mit!Was wird repariert?Egal ob Fahrräder, Textilien, Möbel, Spielzeug, Haushaltswaren, Computer, Handys, elektrische Geräte ....Bei uns finden Sie vielseitigen Rat. Unsere Experten helfen Ihnen gerne. Wartezeiten werden bei einer Tasse Kaffee und Kuchen überbrückt.
